{"id":123,"date":"2021-02-27T17:35:49","date_gmt":"2021-02-27T15:35:49","guid":{"rendered":"http:\/\/seitsesolme.ee\/?page_id=123"},"modified":"2021-02-27T17:44:08","modified_gmt":"2021-02-27T15:44:08","slug":"kolm-solme-2","status":"publish","type":"page","link":"https:\/\/seitsesolme.ee\/index.php\/raamatud\/kolm-solme-2\/","title":{"rendered":"Kolm s\u00f5lme"},"content":{"rendered":"\n<p>Juunis 2016 on kolm inimest \u00fches paadis. See paat ei hulbi meres, vaid seisab K\u00e4smu meremuuseumi juures kuival maal. Suve\u00f6\u00f6 sumeduses lauldakse ja r\u00e4\u00e4gitakse. Jaanuaris 2019 on nad taas mere \u00e4\u00e4res koos. Ookeani \u00e4\u00e4res. \u00dches vanas valges puitmajas otsivad nad koos \u00fcht ja sama raamatut. See raamat on neis juba olemas. Nad ei ole lihtsalt seda veel kirjutanud.<\/p>\n\n\n\n<p><em>Mu s\u00f5brad: \/ see on lugu merest. \/ Merest, mis \u00fchel hommikul \/ igaveses lapsep\u00f5lves \/ valgusega koos kui \u00f5hk \/ voolab \u00fcle adru ja \/ valge liiva ja \/ v\u00e4rvikate, tumedate \/ kivide.<\/em><\/p>\n\n\n\n<p><em>kui \u00fcmmargune on kivi \/ kui lame on maa \/ kui s\u00fcgav on \/ meri \/\/ kas iga armastus \/ peabki p\u00f5lema \/ lahtise leegiga \/ tuhaks v\u00f5i s\u00f6eks \/ v\u00f5i on j\u00e4\u00e4tardumuses \/ samuti v\u00f5belev loit<\/em><\/p>\n\n\n\n<p><em>Kuid kuuvalgel \u00fcks tuletorn kodustada, \/ salamisi siis, kui kuu \u00f6ine teerada \/ j\u00e4\u00e4b t\u00fc\u00fcnel merel \u00fchendama \/ \u00fche mere laste m\u00e4nge.<\/em><\/p>\n\n\n\n<p><\/p>\n\n\n\n<figure class=\"wp-block-image size-large\"><img loading=\"lazy\" decoding=\"async\" width=\"602\" height=\"962\" src=\"http:\/\/seitsesolme.ee\/wp-content\/uploads\/2021\/02\/kolmsolme-2.jpeg\" alt=\"\" class=\"wp-image-96\" srcset=\"https:\/\/seitsesolme.ee\/wp-content\/uploads\/2021\/02\/kolmsolme-2.jpeg 602w, https:\/\/seitsesolme.ee\/wp-content\/uploads\/2021\/02\/kolmsolme-2-188x300.jpeg 188w, https:\/\/seitsesolme.ee\/wp-content\/uploads\/2021\/02\/kolmsolme-2-344x550.jpeg 344w, https:\/\/seitsesolme.ee\/wp-content\/uploads\/2021\/02\/kolmsolme-2-313x500.jpeg 313w\" sizes=\"auto, (max-width: 602px) 100vw, 602px\" \/><\/figure>\n\n\n\n<p>Adam Cullen, Veronika Kivisilla ja \u00d8yvind Rang\u00f8y:<br><strong>Kolm s\u00f5lme<\/strong><br><em>(Luulekogu)<\/em><br>Kujundanud ja illustreerinud Asko K\u00fcnnap<br>Seitse S\u00f5lme 2020<br>80 lk, 188x117x13 (mm)<br>ISBN 9789949018918<\/p>\n","protected":false},"excerpt":{"rendered":"<p>Juunis 2016 on kolm inimest \u00fches paadis. See paat ei hulbi meres, vaid seisab K\u00e4smu meremuuseumi juures kuival maal. Suve\u00f6\u00f6 sumeduses lauldakse ja r\u00e4\u00e4gitakse. Jaanuaris 2019 on nad taas mere \u00e4\u00e4res koos. Ookeani \u00e4\u00e4res. \u00dches vanas valges puitmajas otsivad nad koos \u00fcht ja sama raamatut. See raamat on neis juba<span class=\"more-link\"><a href=\"https:\/\/seitsesolme.ee\/index.php\/raamatud\/kolm-solme-2\/\">Loe edasi<\/a><\/span><\/p>\n","protected":false},"author":1,"featured_media":96,"parent":66,"menu_order":0,"comment_status":"closed","ping_status":"closed","template":"","meta":{"footnotes":""},"class_list":["entry","author-seitsesolme","post-123","page","type-page","status-publish","has-post-thumbnail"],"_links":{"self":[{"href":"https:\/\/seitsesolme.ee\/index.php\/wp-json\/wp\/v2\/pages\/123","targetHints":{"allow":["GET"]}}],"collection":[{"href":"https:\/\/seitsesolme.ee\/index.php\/wp-json\/wp\/v2\/pages"}],"about":[{"href":"https:\/\/seitsesolme.ee\/index.php\/wp-json\/wp\/v2\/types\/page"}],"author":[{"embeddable":true,"href":"https:\/\/seitsesolme.ee\/index.php\/wp-json\/wp\/v2\/users\/1"}],"replies":[{"embeddable":true,"href":"https:\/\/seitsesolme.ee\/index.php\/wp-json\/wp\/v2\/comments?post=123"}],"version-history":[{"count":4,"href":"https:\/\/seitsesolme.ee\/index.php\/wp-json\/wp\/v2\/pages\/123\/revisions"}],"predecessor-version":[{"id":132,"href":"https:\/\/seitsesolme.ee\/index.php\/wp-json\/wp\/v2\/pages\/123\/revisions\/132"}],"up":[{"embeddable":true,"href":"https:\/\/seitsesolme.ee\/index.php\/wp-json\/wp\/v2\/pages\/66"}],"wp:featuredmedia":[{"embeddable":true,"href":"https:\/\/seitsesolme.ee\/index.php\/wp-json\/wp\/v2\/media\/96"}],"wp:attachment":[{"href":"https:\/\/seitsesolme.ee\/index.php\/wp-json\/wp\/v2\/media?parent=123"}],"curies":[{"name":"wp","href":"https:\/\/api.w.org\/{rel}","templated":true}]}}